{"id":30,"date":"2014-01-27T03:02:58","date_gmt":"2014-01-27T01:02:58","guid":{"rendered":"http:\/\/heimatmuseum-tersteegenhaus.de\/?page_id=30"},"modified":"2023-01-18T13:24:38","modified_gmt":"2023-01-18T11:24:38","slug":"historie","status":"publish","type":"page","link":"https:\/\/heimatmuseum-tersteegenhaus.de\/?page_id=30","title":{"rendered":"<span style=\"color: #003333;\">Historie<span style=\"color: #003333;\">"},"content":{"rendered":"<p><span style=\"color: #003333;\"><strong>Der &#8222;Freundes- und F\u00f6rderkreis\u00a0Heimatmuseum Tersteegenhaus M\u00fclheim an der Ruhr e.V.&#8220;\u00a0&#8230;<\/strong><\/span><\/p>\n<p>&#8230; wurde mit dem Ziel, dieses stadtgeschichtliche Museum als wertvollen Kulturort zu erhalten, im Mai 2011 gegr\u00fcndet. Im Zuge dessen sollen attraktive Angebote B\u00fcrger\u00a0von nah und fern f\u00fcr dieses historische Wohnhaus mitten\u00a0in der M\u00fclheimer Altstadt (Teinerstra\u00dfe 1) interessieren und zu einem Besuch anregen. Diese einzigartige Atmosph\u00e4re &#8211; verbunden mit einer Ausstellung zur Stadtgeschichte &#8211; will der Verein &#8211; mit seinen\u00a0Mitteln und Spenden bewahren.<\/p>\n<p><span style=\"color: #003333;\"><strong>Das Tersteegenhaus und seine Geschichte<\/strong><\/span><\/p>\n<p>Das bergische Fachwerkhaus ist eine Erinnerungsst\u00e4tte\u00a0f\u00fcr die bedeutenden M\u00fclheimer des 18. und 19. Jahrhunderts.\u00a0Unter seinem Dach befindet sich\u00a0eine\u00a0kulturgeschichtlich interessante Sammlung von Bildern, M\u00f6beln, Hausrat\u00a0sowie zahlreichen anderen Exponaten. Diese erinnern besonders an:<\/p>\n<ul>\n<li>den pietistischen Prediger und Kirchenlieder-Dichter <em>Gerhard Tersteegen<\/em> (1697- 1769), welcher hier gelebt und gewirkt hat;<\/li>\n<li>den in der N\u00e4he geborenen\u00a0Arzt und Schriftsteller <em>Dr. C. A. Kortum<\/em> (1745- 1824). Sein satyrischer Roman \u00fcber \u201eJobs, den Kandidaten\u201c hat sogar Wilhelm Busch zu Illustrationen inspiriert;<\/li>\n<li>nicht zuletzt wird der Unternehmerpers\u00f6nlichkeit <em>Mathias Stinnes <\/em>(1790- 1845) gedacht. Auch ihm sind zahlreiche Exponate gewidmet. Bekanntlich hatte er seiner Zeit mit seinen Br\u00fcdern eine gro\u00dfe Flotte von Flussschiffen aufgebaut und von M\u00fclheim aus die Ruhr- und\u00a0letztendlich die Rheinschifffahrt mit seinem Kohlenhandel dominiert. Dadurch legte er\u00a0den Grundstein f\u00fcr ein Welt- Handelsunternehmen.<\/li>\n<\/ul>\n<p><em>Eine kurze <strong>Chronik der Ereignisse und Entwicklungen<\/strong> rund um das Haus:<\/em><\/p>\n<ul>\n<li><em><strong>ca. 1530:<\/strong> <\/em>Errichtung des Geb\u00e4udes: Das Ergebnis einer bauhistorischen Untersuchung weist f\u00fcr das denkmalgesch\u00fctzte Tersteegenhaus ein Alter von fast 500 Jahren nach.<\/li>\n<li><strong><em>1950:<\/em> <\/strong>Infolge der Kriegszerst\u00f6rungen\u00a0musste das Tersteegenhaus rekonstruiert werden. In diesem\u00a0Jahr wurde es als Museum\u00a0eingerichtet.<\/li>\n<li><strong><em>1956:<\/em> <\/strong>Im Jubil\u00e4umsjahr des Geschichtssvereins M\u00fclheim an der Ruhr anl\u00e4sslich eines umfangreichen Jahresprogramms mehrmaliger Besuch des Tersteegenhauses.<\/li>\n<li><strong><em>1969:<\/em> <\/strong>Zum 200. Todestag Gerhard Tersteegens fand eine Feierstunde vor dem Tersteegenhaus mit Tausenden von Besuchern in der Altstadt statt. Zudem gab es zahlreiche sonnt\u00e4gliche F\u00fchrungen durch das Haus.<\/li>\n<li><strong><em>1970:<\/em> <\/strong>Ausstellungen zu Ehren des Jobsiadendichters Carl Arnold Kortum sowie\u00a0 des Malers Otto Marotz.<\/li>\n<li><strong><em>1984\/85:<\/em> <\/strong>Im Winter entdeckte man bei Bauarbeiten neben dem Tersteegenhaus einen Brunnen aus fr\u00fcher Zeit.<\/li>\n<li><strong><em>1995:<\/em> <\/strong>Knapp vor dem 300. Geburtstag des Heimatdichters Gerhard Tersteegen steht das Heimatmuseum vor dem Aus. Die Stelle der in Pension gegangenen &#8222;Museumsfrau&#8220; Waltraud Herbold wurde wegen der finanziellen Lage der Stadt nicht wiederbesetzt. Seit dem 1. September des Jahres organisierte der Geschichtsverein darauf hin neben den\u00a0\u00fcblichen F\u00fchrungen auch einen Aufsichtsdienst f\u00fcr das Tersteegenhaus.<\/li>\n<li><strong><em>1998:<\/em> <\/strong>W\u00e4hrend des Martinsmarktes z\u00e4hlte man an f\u00fcnf Tagen rund 2.500 Besucher &#8211; in der Spitze waren es an einem Tag sogar 1.237 Personen, ein bisher unerreichter Rekordwert.<\/li>\n<li><strong><em>2002:<\/em> <\/strong>Im Februar des Jahres brachte Pfarrer i.R. Harald Schneyder einen der drei Blutbriefe &#8211; die Best\u00e4tigung von 1738 &#8211; nach M\u00fclheim zur\u00fcck. Schneyder ist ein Nachfahre der Familie Mellinghoff.<\/li>\n<li><em>In den zur\u00fcckliegend Jahren<\/em> konnte das\u00a0Tersteegenhaus mit weiteren Sammlungen und Exponaten verst\u00e4rkt werden, so unter anderem mit einer vom Geschichtsverein geschenkten Fossiliensammlung (von Studiendir. Herbert Klaumann \u2020\u00a0, Erdgescho\u00df). Auch das sogenannte &#8222;Himmelbettzimmer&#8220;\u00a0 Wortelkamp)\u00a0erhielt eine Neuausstattung (samt Beschriftungen und Erl\u00e4uterungen).<\/li>\n<li><strong><em>2010\/11:<\/em> <\/strong>Aufgrund eines Haushaltskonsolidierungsvorschlages der Stadtspitze zur Schlie\u00dfung des Heimatmuseums Tersteegenhaus setzte eine \u00f6ffentliche Diskussion ein &#8211; <em>Mai 2011:<\/em> Diese wird mit der\u00a0Gr\u00fcndung eines Freundes- und F\u00f6rderkreises Heimatmuseum beantwortet, eine Schlie\u00dfung somit abgewendet.<\/li>\n<li><em><strong>2016:<\/strong><\/em> W\u00e4hrend des traditionellen Adventsmarktes in den Advents-Wochenenden neuer Besucherrekord (5.000) im ge\u00f6ffneten Heimatmuseum.<\/li>\n<li><em><strong>2017:<\/strong> <\/em>Traurige Nachricht im April 2017: Aufgrund akuter Einsturzgefahr musste das Heimatmuseum bis auf Weiteres geschlossen werden. Zugleich Baustopp f\u00fcr die im Januar 2017 begonnenen ersten Modernisierungsma\u00dfnahmen.<\/li>\n<li><em><strong>2019:<\/strong> <\/em>An einer Veranstaltungsreihe anl\u00e4sslich des 250. Todestag von Gerhard Tersteegen beteiligt (mit Vortr\u00e4gen des Historiker Prof. Christoph Kampmann und Theologen Prof. Ulrich Kellermann).<\/li>\n<li><em><strong>2022:<\/strong> <\/em>Am 7. Juli wurde mit Nachbarn und Heimatfreunden am Dachstuhl (nach Rekonstruktion 1530) das Richtfest und damit auch der Abschluss des ersten Bauabschnitts zum \u201eWiederaufbau\u201c des Tersteegenhauses gefeiert.<\/li>\n<\/ul>\n","protected":false},"excerpt":{"rendered":"<p>Der &#8222;Freundes- und F\u00f6rderkreis\u00a0Heimatmuseum Tersteegenhaus M\u00fclheim an der Ruhr e.V.&#8220;\u00a0&#8230; &#8230; wurde mit dem Ziel, dieses stadtgeschichtliche Museum als wertvollen Kulturort zu erhalten, im Mai 2011 gegr\u00fcndet. Im Zuge dessen sollen attraktive Angebote B\u00fcrger\u00a0von nah und fern f\u00fcr dieses historische &hellip; <a href=\"https:\/\/heimatmuseum-tersteegenhaus.de\/?page_id=30\">Weiterlesen <span class=\"meta-nav\">&rarr;<\/span><\/a><\/p>\n","protected":false},"author":1,"featured_media":0,"parent":17,"menu_order":1,"comment_status":"closed","ping_status":"closed","template":"","meta":{"footnotes":""},"class_list":["post-30","page","type-page","status-publish","hentry"],"_links":{"self":[{"href":"https:\/\/heimatmuseum-tersteegenhaus.de\/index.php?rest_route=\/wp\/v2\/pages\/30"}],"collection":[{"href":"https:\/\/heimatmuseum-tersteegenhaus.de\/index.php?rest_route=\/wp\/v2\/pages"}],"about":[{"href":"https:\/\/heimatmuseum-tersteegenhaus.de\/index.php?rest_route=\/wp\/v2\/types\/page"}],"author":[{"embeddable":true,"href":"https:\/\/heimatmuseum-tersteegenhaus.de\/index.php?rest_route=\/wp\/v2\/users\/1"}],"replies":[{"embeddable":true,"href":"https:\/\/heimatmuseum-tersteegenhaus.de\/index.php?rest_route=%2Fwp%2Fv2%2Fcomments&post=30"}],"version-history":[{"count":14,"href":"https:\/\/heimatmuseum-tersteegenhaus.de\/index.php?rest_route=\/wp\/v2\/pages\/30\/revisions"}],"predecessor-version":[{"id":850,"href":"https:\/\/heimatmuseum-tersteegenhaus.de\/index.php?rest_route=\/wp\/v2\/pages\/30\/revisions\/850"}],"up":[{"embeddable":true,"href":"https:\/\/heimatmuseum-tersteegenhaus.de\/index.php?rest_route=\/wp\/v2\/pages\/17"}],"wp:attachment":[{"href":"https:\/\/heimatmuseum-tersteegenhaus.de\/index.php?rest_route=%2Fwp%2Fv2%2Fmedia&parent=30"}],"curies":[{"name":"wp","href":"https:\/\/api.w.org\/{rel}","templated":true}]}}

<p><span style="color: #003333;"><strong>Der &#8222;Freundes- und Förderkreis Heimatmuseum Tersteegenhaus Mülheim an der Ruhr e.V.&#8220; &#8230;</strong></span></p>
<p>&#8230; wurde mit dem Ziel, dieses stadtgeschichtliche Museum als wertvollen Kulturort zu erhalten, im Mai 2011 gegründet. Im Zuge dessen sollen attraktive Angebote Bürger von nah und fern für dieses historische Wohnhaus mitten in der Mülheimer Altstadt (Teinerstraße 1) interessieren und zu einem Besuch anregen. Diese einzigartige Atmosphäre &#8211; verbunden mit einer Ausstellung zur Stadtgeschichte &#8211; will der Verein &#8211; mit seinen Mitteln und Spenden bewahren.</p>
<p><span style="color: #003333;"><strong>Das Tersteegenhaus und seine Geschichte</strong></span></p>
<p>Das bergische Fachwerkhaus ist eine Erinnerungsstätte für die bedeutenden Mülheimer des 18. und 19. Jahrhunderts. Unter seinem Dach befindet sich eine kulturgeschichtlich interessante Sammlung von Bildern, Möbeln, Hausrat sowie zahlreichen anderen Exponaten. Diese erinnern besonders an:</p>
<ul>
<li>den pietistischen Prediger und Kirchenlieder-Dichter <em>Gerhard Tersteegen</em> (1697- 1769), welcher hier gelebt und gewirkt hat;</li>
<li>den in der Nähe geborenen Arzt und Schriftsteller <em>Dr. C. A. Kortum</em> (1745- 1824). Sein satyrischer Roman über „Jobs, den Kandidaten“ hat sogar Wilhelm Busch zu Illustrationen inspiriert;</li>
<li>nicht zuletzt wird der Unternehmerpersönlichkeit <em>Mathias Stinnes </em>(1790- 1845) gedacht. Auch ihm sind zahlreiche Exponate gewidmet. Bekanntlich hatte er seiner Zeit mit seinen Brüdern eine große Flotte von Flussschiffen aufgebaut und von Mülheim aus die Ruhr- und letztendlich die Rheinschifffahrt mit seinem Kohlenhandel dominiert. Dadurch legte er den Grundstein für ein Welt- Handelsunternehmen.</li>
</ul>
<p><em>Eine kurze <strong>Chronik der Ereignisse und Entwicklungen</strong> rund um das Haus:</em></p>
<ul>
<li><em><strong>ca. 1530:</strong> </em>Errichtung des Gebäudes: Das Ergebnis einer bauhistorischen Untersuchung weist für das denkmalgeschützte Tersteegenhaus ein Alter von fast 500 Jahren nach.</li>
<li><strong><em>1950:</em> </strong>Infolge der Kriegszerstörungen musste das Tersteegenhaus rekonstruiert werden. In diesem Jahr wurde es als Museum eingerichtet.</li>
<li><strong><em>1956:</em> </strong>Im Jubiläumsjahr des Geschichtssvereins Mülheim an der Ruhr anlässlich eines umfangreichen Jahresprogramms mehrmaliger Besuch des Tersteegenhauses.</li>
<li><strong><em>1969:</em> </strong>Zum 200. Todestag Gerhard Tersteegens fand eine Feierstunde vor dem Tersteegenhaus mit Tausenden von Besuchern in der Altstadt statt. Zudem gab es zahlreiche sonntägliche Führungen durch das Haus.</li>
<li><strong><em>1970:</em> </strong>Ausstellungen zu Ehren des Jobsiadendichters Carl Arnold Kortum sowie  des Malers Otto Marotz.</li>
<li><strong><em>1984/85:</em> </strong>Im Winter entdeckte man bei Bauarbeiten neben dem Tersteegenhaus einen Brunnen aus früher Zeit.</li>
<li><strong><em>1995:</em> </strong>Knapp vor dem 300. Geburtstag des Heimatdichters Gerhard Tersteegen steht das Heimatmuseum vor dem Aus. Die Stelle der in Pension gegangenen &#8222;Museumsfrau&#8220; Waltraud Herbold wurde wegen der finanziellen Lage der Stadt nicht wiederbesetzt. Seit dem 1. September des Jahres organisierte der Geschichtsverein darauf hin neben den üblichen Führungen auch einen Aufsichtsdienst für das Tersteegenhaus.</li>
<li><strong><em>1998:</em> </strong>Während des Martinsmarktes zählte man an fünf Tagen rund 2.500 Besucher &#8211; in der Spitze waren es an einem Tag sogar 1.237 Personen, ein bisher unerreichter Rekordwert.</li>
<li><strong><em>2002:</em> </strong>Im Februar des Jahres brachte Pfarrer i.R. Harald Schneyder einen der drei Blutbriefe &#8211; die Bestätigung von 1738 &#8211; nach Mülheim zurück. Schneyder ist ein Nachfahre der Familie Mellinghoff.</li>
<li><em>In den zurückliegend Jahren</em> konnte das Tersteegenhaus mit weiteren Sammlungen und Exponaten verstärkt werden, so unter anderem mit einer vom Geschichtsverein geschenkten Fossiliensammlung (von Studiendir. Herbert Klaumann † , Erdgeschoß). Auch das sogenannte &#8222;Himmelbettzimmer&#8220;  Wortelkamp) erhielt eine Neuausstattung (samt Beschriftungen und Erläuterungen).</li>
<li><strong><em>2010/11:</em> </strong>Aufgrund eines Haushaltskonsolidierungsvorschlages der Stadtspitze zur Schließung des Heimatmuseums Tersteegenhaus setzte eine öffentliche Diskussion ein &#8211; <em>Mai 2011:</em> Diese wird mit der Gründung eines Freundes- und Förderkreises Heimatmuseum beantwortet, eine Schließung somit abgewendet.</li>
<li><em><strong>2016:</strong></em> Während des traditionellen Adventsmarktes in den Advents-Wochenenden neuer Besucherrekord (5.000) im geöffneten Heimatmuseum.</li>
<li><em><strong>2017:</strong> </em>Traurige Nachricht im April 2017: Aufgrund akuter Einsturzgefahr musste das Heimatmuseum bis auf Weiteres geschlossen werden. Zugleich Baustopp für die im Januar 2017 begonnenen ersten Modernisierungsmaßnahmen.</li>
<li><em><strong>2019:</strong> </em>An einer Veranstaltungsreihe anlässlich des 250. Todestag von Gerhard Tersteegen beteiligt (mit Vorträgen des Historiker Prof. Christoph Kampmann und Theologen Prof. Ulrich Kellermann).</li>
<li><em><strong>2022:</strong> </em>Am 7. Juli wurde mit Nachbarn und Heimatfreunden am Dachstuhl (nach Rekonstruktion 1530) das Richtfest und damit auch der Abschluss des ersten Bauabschnitts zum „Wiederaufbau“ des Tersteegenhauses gefeiert.</li>
</ul>

<p>Der &#8222;Freundes- und Förderkreis Heimatmuseum Tersteegenhaus Mülheim an der Ruhr e.V.&#8220; &#8230; &#8230; wurde mit dem Ziel, dieses stadtgeschichtliche Museum als wertvollen Kulturort zu erhalten, im Mai 2011 gegründet. Im Zuge dessen sollen attraktive Angebote Bürger von nah und fern für dieses historische &hellip; <a href="https://heimatmuseum-tersteegenhaus.de/?page_id=30">Weiterlesen <span class="meta-nav">&rarr;</span></a></p>
