{"id":33,"date":"2014-01-27T03:32:21","date_gmt":"2014-01-27T01:32:21","guid":{"rendered":"http:\/\/heimatmuseum-tersteegenhaus.de\/?page_id=33"},"modified":"2014-03-16T15:31:33","modified_gmt":"2014-03-16T13:31:33","slug":"partner","status":"publish","type":"page","link":"https:\/\/heimatmuseum-tersteegenhaus.de\/?page_id=33","title":{"rendered":"<span style=\"color: #003333;\">Partner<span style=\"color: #003333;\">"},"content":{"rendered":"<p><em>Partner des Museums sind:<\/em><\/p>\n<p><strong><span style=\"color: #003333;\">&#8211; Geschichtsverein M\u00fclheim an der Ruhr e.V.<\/span> |<\/strong> <span style=\"color: #0066cc;\"><a href=\"http:\/\/www.geschichtsverein-mh.de\">www.geschichtsverein-mh.de<\/a><\/span><span style=\"text-decoration: underline;\"><span style=\"color: #0066cc;\"><br \/>\n<\/span><\/span>c\/o Stadtarchiv, \u00a0Haus der Stadtgeschichte,\u00a0Von-Graefe-Stra\u00dfe 37, 45470 M\u00fclheim an der Ruhr.<\/p>\n<p><strong><span style=\"color: #003333;\">&#8211; B\u00fcrgergesellschaft Mausefalle e.V. <\/span>|<\/strong> <a href=\"http:\/\/www.auberg.de\/mausefalle\/\">www.auberg.de\/mausefalle\/<br \/>\n<\/a>In der \u201dB\u00fcrgergesellschaft Mausefalle\u201d sind M\u00fclheimer B\u00fcrger vereinigt, die altes M\u00fclheimer Kulturgut pflegen wollen. Die \u00e4lteste Vereinigung zur Mundartpflege in M\u00fclheim (bereits 1870) hat sich nach einem 1943 zerst\u00f6rten Wirtshaus gegen\u00fcber dem Tersteegenhaus benannt.<\/p>\n<p>&nbsp;<\/p>\n","protected":false},"excerpt":{"rendered":"<p>Partner des Museums sind: &#8211; Geschichtsverein M\u00fclheim an der Ruhr e.V. | www.geschichtsverein-mh.de c\/o Stadtarchiv, \u00a0Haus der Stadtgeschichte,\u00a0Von-Graefe-Stra\u00dfe 37, 45470 M\u00fclheim an der Ruhr. &#8211; B\u00fcrgergesellschaft Mausefalle e.V. | www.auberg.de\/mausefalle\/ In der \u201dB\u00fcrgergesellschaft Mausefalle\u201d sind M\u00fclheimer B\u00fcrger vereinigt, die altes &hellip; <a href=\"https:\/\/heimatmuseum-tersteegenhaus.de\/?page_id=33\">Weiterlesen <span class=\"meta-nav\">&rarr;<\/span><\/a><\/p>\n","protected":false},"author":1,"featured_media":0,"parent":17,"menu_order":3,"comment_status":"closed","ping_status":"closed","template":"","meta":{"footnotes":""},"class_list":["post-33","page","type-page","status-publish","hentry"],"_links":{"self":[{"href":"https:\/\/heimatmuseum-tersteegenhaus.de\/index.php?rest_route=\/wp\/v2\/pages\/33"}],"collection":[{"href":"https:\/\/heimatmuseum-tersteegenhaus.de\/index.php?rest_route=\/wp\/v2\/pages"}],"about":[{"href":"https:\/\/heimatmuseum-tersteegenhaus.de\/index.php?rest_route=\/wp\/v2\/types\/page"}],"author":[{"embeddable":true,"href":"https:\/\/heimatmuseum-tersteegenhaus.de\/index.php?rest_route=\/wp\/v2\/users\/1"}],"replies":[{"embeddable":true,"href":"https:\/\/heimatmuseum-tersteegenhaus.de\/index.php?rest_route=%2Fwp%2Fv2%2Fcomments&post=33"}],"version-history":[{"count":7,"href":"https:\/\/heimatmuseum-tersteegenhaus.de\/index.php?rest_route=\/wp\/v2\/pages\/33\/revisions"}],"predecessor-version":[{"id":149,"href":"https:\/\/heimatmuseum-tersteegenhaus.de\/index.php?rest_route=\/wp\/v2\/pages\/33\/revisions\/149"}],"up":[{"embeddable":true,"href":"https:\/\/heimatmuseum-tersteegenhaus.de\/index.php?rest_route=\/wp\/v2\/pages\/17"}],"wp:attachment":[{"href":"https:\/\/heimatmuseum-tersteegenhaus.de\/index.php?rest_route=%2Fwp%2Fv2%2Fmedia&parent=33"}],"curies":[{"name":"wp","href":"https:\/\/api.w.org\/{rel}","templated":true}]}}