{"id":536,"date":"2017-12-02T17:25:14","date_gmt":"2017-12-02T15:25:14","guid":{"rendered":"http:\/\/heimatmuseum-tersteegenhaus.de\/?page_id=536"},"modified":"2019-02-27T21:07:34","modified_gmt":"2019-02-27T19:07:34","slug":"interessante-links","status":"publish","type":"page","link":"https:\/\/heimatmuseum-tersteegenhaus.de\/?page_id=536","title":{"rendered":"<span style=\"color: #003333;\">Interessante Links<span style=\"color: #003333;\">"},"content":{"rendered":"<h2><span style=\"color: #003333;\">\u2022 TERSTEEGENJAHR 2019 &#8211; Nachrichten, Informationen und Ereignisse zum Gedenkjahr im \u00dcberblick |<\/span><\/h2>\n<p><a href=\"https:\/\/www.tersteegenjahr2019.de\"><img loading=\"lazy\" decoding=\"async\" class=\" wp-image-561 alignright\" src=\"https:\/\/heimatmuseum-tersteegenhaus.de\/wp-content\/uploads\/2018\/04\/Tersteegenjahr2019-Startseite-halbe-H\u00f6he-300x180.jpg\" alt=\"\" width=\"345\" height=\"211\" \/><\/a>Auf der privat initiierten Informationsseite <a href=\"https:\/\/www.tersteegenjahr2019.de\">www.tersteegenjahr2019.de<\/a> werden zuk\u00fcnftig alle Aktivit\u00e4ten zum Tersteegenjahr 2019 beworben. Neben aktuellen Nachrichten und Berichten wird eine Bildergalerie die kommenden Ereignisse in M\u00fclheim an der Ruhr und in der Stadt Moers hier auch mit zahlreichen Fotos illustrieren. So soll das Interesse an dem vor rund 250 Jahren verstorbenen, weit \u00fcber M\u00fclheim an\u00b4der Ruhr hinaus bekannten Laienprediger, Schriftsteller und Kirchenlieddichter Gerhard Tersteegen neu geweckt bzw. in der \u00d6ffentlichkeit angemessen aufrecht erhalten werden.<\/p>\n<hr \/>\n<h2><span style=\"color: #003333;\">\u2022 GERHARD TERSTEEGEN &#8211; die private Informationsseite von Siegfried Dressel<\/span><\/h2>\n<p><img loading=\"lazy\" decoding=\"async\" class=\" wp-image-541 alignleft\" src=\"https:\/\/heimatmuseum-tersteegenhaus.de\/wp-content\/uploads\/2017\/12\/private-Informationsseite-Gerhard-Tersteegen-von-Siegfried-Dressel-300x135.jpg\" alt=\"\" width=\"374\" height=\"174\" \/>Auf einer\u00a0privaten Informationsseite\u00a0befasst sich <em>Siegfried Dressel <\/em><em>aus 95359 Kasendorf<\/em> in ausf\u00fchrlicher und lesenswerter Weise mit Gerhard Tersteegen und seinem umfangreichen Lebenswerk.<br \/>\nDie informativen Beitr\u00e4ge auf den Spuren Tersteegens setzen sich mit dem<\/p>\n<ul>\n<li>Schriftsteller<\/li>\n<li>Liederdichter sowie<\/li>\n<li>Seelsorger<\/li>\n<\/ul>\n<p>und seiner vielf\u00e4ltigen, ergiebigen wie auch inspirierenden T\u00e4tigkeit auseinander.<\/p>\n<p>Mehr lesen Sie hier: <a href=\"http:\/\/www.gerhardtersteegen.info\">www.gerhardtersteegen.info<\/a><\/p>\n","protected":false},"excerpt":{"rendered":"<p>\u2022 TERSTEEGENJAHR 2019 &#8211; Nachrichten, Informationen und Ereignisse zum Gedenkjahr im \u00dcberblick | Auf der privat initiierten Informationsseite www.tersteegenjahr2019.de werden zuk\u00fcnftig alle Aktivit\u00e4ten zum Tersteegenjahr 2019 beworben. Neben aktuellen Nachrichten und Berichten wird eine Bildergalerie die kommenden Ereignisse in M\u00fclheim &hellip; <a href=\"https:\/\/heimatmuseum-tersteegenhaus.de\/?page_id=536\">Weiterlesen <span class=\"meta-nav\">&rarr;<\/span><\/a><\/p>\n","protected":false},"author":1,"featured_media":0,"parent":17,"menu_order":4,"comment_status":"closed","ping_status":"closed","template":"","meta":{"footnotes":""},"class_list":["post-536","page","type-page","status-publish","hentry"],"_links":{"self":[{"href":"https:\/\/heimatmuseum-tersteegenhaus.de\/index.php?rest_route=\/wp\/v2\/pages\/536"}],"collection":[{"href":"https:\/\/heimatmuseum-tersteegenhaus.de\/index.php?rest_route=\/wp\/v2\/pages"}],"about":[{"href":"https:\/\/heimatmuseum-tersteegenhaus.de\/index.php?rest_route=\/wp\/v2\/types\/page"}],"author":[{"embeddable":true,"href":"https:\/\/heimatmuseum-tersteegenhaus.de\/index.php?rest_route=\/wp\/v2\/users\/1"}],"replies":[{"embeddable":true,"href":"https:\/\/heimatmuseum-tersteegenhaus.de\/index.php?rest_route=%2Fwp%2Fv2%2Fcomments&post=536"}],"version-history":[{"count":13,"href":"https:\/\/heimatmuseum-tersteegenhaus.de\/index.php?rest_route=\/wp\/v2\/pages\/536\/revisions"}],"predecessor-version":[{"id":633,"href":"https:\/\/heimatmuseum-tersteegenhaus.de\/index.php?rest_route=\/wp\/v2\/pages\/536\/revisions\/633"}],"up":[{"embeddable":true,"href":"https:\/\/heimatmuseum-tersteegenhaus.de\/index.php?rest_route=\/wp\/v2\/pages\/17"}],"wp:attachment":[{"href":"https:\/\/heimatmuseum-tersteegenhaus.de\/index.php?rest_route=%2Fwp%2Fv2%2Fmedia&parent=536"}],"curies":[{"name":"wp","href":"https:\/\/api.w.org\/{rel}","templated":true}]}}

<h2><span style="color: #003333;">• TERSTEEGENJAHR 2019 &#8211; Nachrichten, Informationen und Ereignisse zum Gedenkjahr im Überblick |</span></h2>
<p><a href="https://www.tersteegenjahr2019.de"><img loading="lazy" decoding="async" class=" wp-image-561 alignright" src="https://heimatmuseum-tersteegenhaus.de/wp-content/uploads/2018/04/Tersteegenjahr2019-Startseite-halbe-Höhe-300x180.jpg" alt="" width="345" height="211" /></a>Auf der privat initiierten Informationsseite <a href="https://www.tersteegenjahr2019.de">www.tersteegenjahr2019.de</a> werden zukünftig alle Aktivitäten zum Tersteegenjahr 2019 beworben. Neben aktuellen Nachrichten und Berichten wird eine Bildergalerie die kommenden Ereignisse in Mülheim an der Ruhr und in der Stadt Moers hier auch mit zahlreichen Fotos illustrieren. So soll das Interesse an dem vor rund 250 Jahren verstorbenen, weit über Mülheim an´der Ruhr hinaus bekannten Laienprediger, Schriftsteller und Kirchenlieddichter Gerhard Tersteegen neu geweckt bzw. in der Öffentlichkeit angemessen aufrecht erhalten werden.</p>
<hr />
<h2><span style="color: #003333;">• GERHARD TERSTEEGEN &#8211; die private Informationsseite von Siegfried Dressel</span></h2>
<p><img loading="lazy" decoding="async" class=" wp-image-541 alignleft" src="https://heimatmuseum-tersteegenhaus.de/wp-content/uploads/2017/12/private-Informationsseite-Gerhard-Tersteegen-von-Siegfried-Dressel-300x135.jpg" alt="" width="374" height="174" />Auf einer privaten Informationsseite befasst sich <em>Siegfried Dressel </em><em>aus 95359 Kasendorf</em> in ausführlicher und lesenswerter Weise mit Gerhard Tersteegen und seinem umfangreichen Lebenswerk.<br />
Die informativen Beiträge auf den Spuren Tersteegens setzen sich mit dem</p>
<ul>
<li>Schriftsteller</li>
<li>Liederdichter sowie</li>
<li>Seelsorger</li>
</ul>
<p>und seiner vielfältigen, ergiebigen wie auch inspirierenden Tätigkeit auseinander.</p>
<p>Mehr lesen Sie hier: <a href="http://www.gerhardtersteegen.info">www.gerhardtersteegen.info</a></p>

<p>• TERSTEEGENJAHR 2019 &#8211; Nachrichten, Informationen und Ereignisse zum Gedenkjahr im Überblick | Auf der privat initiierten Informationsseite www.tersteegenjahr2019.de werden zukünftig alle Aktivitäten zum Tersteegenjahr 2019 beworben. Neben aktuellen Nachrichten und Berichten wird eine Bildergalerie die kommenden Ereignisse in Mülheim &hellip; <a href="https://heimatmuseum-tersteegenhaus.de/?page_id=536">Weiterlesen <span class="meta-nav">&rarr;</span></a></p>
