{"id":64,"date":"2014-01-27T04:18:09","date_gmt":"2014-01-27T02:18:09","guid":{"rendered":"http:\/\/heimatmuseum-tersteegenhaus.de\/?page_id=64"},"modified":"2021-10-13T21:29:17","modified_gmt":"2021-10-13T19:29:17","slug":"impressum","status":"publish","type":"page","link":"https:\/\/heimatmuseum-tersteegenhaus.de\/?page_id=64","title":{"rendered":"Impressum"},"content":{"rendered":"<p><strong><span style=\"color: #003333;\">Herausgeber:<\/span><br \/>\n<\/strong>Freundes- und F\u00f6rderkreis Heimatmuseum Tersteegenhaus M\u00fclheim an der Ruhr e.V.,<br \/>\nvertreten durch den Vorsitzenden, Herrn B\u00fcrgermeister Markus P\u00fcll<\/p>\n<p><span style=\"color: #003333;\"><strong>Anschrift:<\/strong><\/span><br \/>\nBismarckstra\u00dfe 5<br \/>\n45470 M\u00fclheim an der Ruhr<\/p>\n<p><span style=\"color: #003333;\"><strong>Kontakt:<\/strong><\/span><br \/>\nE-Mail:<br \/>\nInternet: www.heimatmuseum-tersteegenhaus.de<\/p>\n<p><span style=\"color: #003333;\"><strong>Angaben gem\u00e4\u00df \u00a7 5 TMG:<\/strong><\/span><\/p>\n<p>Freundes- und F\u00f6rderkreis Heimatmuseum Tersteegenhaus M\u00fclheim an der Ruhr e.V.<br \/>\nHansgeorg Schiemer M.A.<br \/>\nBismarckstra\u00dfe 5<br \/>\nD-45470 M\u00fclheim an der Ruhr<\/p>\n<p>E-Mail: schiemerh(at)aol.com<\/p>\n<p><span style=\"color: #003333;\"><strong>Inhaltlich Verantwortlicher gem\u00e4\u00df \u00a7 55 Absatz 2 RStV:<\/strong><\/span><br \/>\nHansgeorg Schiemer M.A.<br \/>\nBismarckstra\u00dfe 5<br \/>\n45470 M\u00fclheim an der Ruhr<br \/>\nTelefon: +49 (02 08) 45 95 413<br \/>\nE-Mail: schiemerh@web.de<\/p>\n<p><strong>\u00a9<\/strong>\u00a02013-18 Freundes- und F\u00f6rderkreis Heimatmuseum Tersteegenhaus M\u00fclheim an der Ruhr e.V.<\/p>\n<p><span style=\"color: #003333;\"><strong>HAFTUNGSAUSSCHLUSS<\/strong><\/span><\/p>\n<p><span style=\"color: #003333;\"><strong>Inhalt des Internetangebotes<br \/>\n<\/strong><\/span>Der Autor\/Betreiber \u00fcbernimmt trotz sorgf\u00e4ltiger Recherche keinerlei Gew\u00e4hr f\u00fcr die Aktualit\u00e4t, Korrektheit, Vollst\u00e4ndigkeit oder Qualit\u00e4t der bereitgestellten Informationen. Haftungsanspr\u00fcche gegen den Autor\/Betreiber, welche sich auf Sch\u00e4den materieller oder ideeller Art beziehen, die durch die Nutzung oder Nichtnutzung der dargebotenen Informationen auf www.heimatmuseum-tersteegenhaus.de bzw. durch die Nutzung fehlerhafter und unvollst\u00e4ndiger Informationen verursacht wurden, sind grunds\u00e4tzlich ausgeschlossen, sofern seitens des Autors\/Betreibers kein nachweislich vors\u00e4tzliches oder grob fahrl\u00e4ssiges Verschulden vorliegt.<br \/>\nAlle Angebote sind freibleibend und unverbindlich. Der Autor\/Betreiber beh\u00e4lt es sich ausdr\u00fccklich vor, Teile der Seiten oder das gesamte Angebot ohne gesonderte Ank\u00fcndigung zu ver\u00e4ndern, zu erg\u00e4nzen, zu l\u00f6schen oder die Ver\u00f6ffentlichung zeitweise oder endg\u00fcltig einzustellen.<br \/>\nVer\u00f6ffentlichungen im Internetangebot haben lediglich Informationscharakter.<\/p>\n<p><span style=\"color: #003333;\"><strong>Verweise und Links<br \/>\n<\/strong><\/span>Bei direkten oder indirekten Verweisen auf fremde Internetseiten (&#8222;Hyperlinks&#8220;), die au\u00dferhalb des Verantwortungsbereiches des Autors\/Betreibers liegen, tritt eine Haftungsverpflichtung ausschlie\u00dflich in dem Falle in Kraft, in dem der Autor\/Betreiber von den Inhalten Kenntnis hat, er sich von Ihnen nicht ausdr\u00fccklich distanziert und es ihm technisch m\u00f6glich und zumutbar w\u00e4re, die Nutzung im Falle rechtswidriger Inhalte zu verhindern.<br \/>\nDer Autor\/Betreiber erkl\u00e4rt daher ausdr\u00fccklich, dass zum Zeitpunkt der Linksetzung keine illegalen Inhalte auf den zu verlinkenden Seiten erkennbar waren. Der Autor\/Betreiber hat keinerlei Einfluss auf die aktuelle und zuk\u00fcnftige Gestaltung, die Inhalte oder die Urheberschaft der gelinkten\/verkn\u00fcpften Seiten. Deshalb distanziert er sich hiermit ausdr\u00fccklich von allen Inhalten aller gelinkten\/verkn\u00fcpften Seiten und macht sich diese unter keinen Umst\u00e4nden zu eigen. Diese Feststellung gilt f\u00fcr alle innerhalb des eigenen Internetangebotes gesetzten Links und Verweise sowie f\u00fcr Fremdeintr\u00e4ge in vom Autor\/Betreiber eingerichteten M\u00f6glichkeiten des Selbsteintrages wie G\u00e4steb\u00fcchern, Diskussionsforen und Mailinglisten. F\u00fcr illegale, fehlerhafte oder unvollst\u00e4ndige Inhalte und insbesondere f\u00fcr Sch\u00e4den, die aus der Nutzung oder Nichtnutzung solcherart dargebotener Informationen entstehen, haftet allein der Anbieter der Seite, auf welche verwiesen wurde, nicht derjenige, der \u00fcber Links auf die jeweilige Ver\u00f6ffentlichung lediglich verweist.<\/p>\n<p><span style=\"color: #003333;\"><strong>Urheber- und Kennzeichenrecht<br \/>\n<\/strong><\/span>Der Autor\/Betreiber ist bestrebt, in allen Publikationen die Urheberrechte der verwendeten Texte, Grafiken, Tondokumente und Videosequenzen zu beachten, von ihm selbst erstellte Texte, Grafiken, Tondokumente und Videosequenzen zu nutzen oder auf lizenzfreie Texte, Grafiken, Tondokumente und Videosequenzen zur\u00fcckzugreifen.<br \/>\nAlle innerhalb des Internetangebotes genannten und ggf. durch Dritte gesch\u00fctzten Marken- und Warenzeichen unterliegen uneingeschr\u00e4nkt den Bestimmungen des jeweils g\u00fcltigen Kennzeichenrechts und den Besitzrechten der jeweiligen eingetragenen Eigent\u00fcmer. Allein aufgrund der blo\u00dfen Nennung ist nicht der Schluss zu ziehen, dass Markenzeichen nicht durch Rechte Dritter gesch\u00fctzt sind.<br \/>\nDas Copyright f\u00fcr ver\u00f6ffentlichte, vom Autor\/Betreiber selbst erstellte Texte, Grafiken, Tondokumente und Videosequenzen bleibt allein beim Autor\/Betreiber der Seite. Eine Vervielf\u00e4ltigung oder Verwendung solcher Texte, Grafiken, Tondokumente und Videosequenzen in anderen elektronischen oder gedruckten Publikationen ist ohne ausdr\u00fcckliche Zustimmung des Autors\/Betreibers nicht gestattet.<br \/>\nJedoch gestattet der Autor\/Betreiber die nicht-kommerzielle Benutzung der dargestellten Inhalte &#8211; die im Sinne des Urheberrechtes (UrhG) dem Autor\/Betreiber zugeordnet werden k\u00f6nnen &#8211; zur Vervielf\u00e4ltigung und Wiedergabe zum Zwecke der Informationsgewinnung.<br \/>\nWenn jemand den Inhalt nutzt, damit handelt oder vervielf\u00e4ltigt, darf er das nicht, um vertraglich geschuldete geldwerte Verg\u00fctungen oder finanziellen Gewinn zu erzielen, es sei denn, es wurde hierzu eine schriftliche Erlaubnis erteilt.<\/p>\n<p><span style=\"color: #003333;\"><strong>Rechtswirksamkeit dieses Haftungsausschlusses<br \/>\n<\/strong><\/span>Dieser Haftungsausschluss ist als Teil des Internetangebotes zu betrachten, von dem aus auf diese Seite verwiesen wurde. Sofern Teile oder einzelne Formulierungen dieses Textes der geltenden Rechtslage nicht, nicht mehr oder nicht vollst\u00e4ndig entsprechen sollten, bleiben die \u00fcbrigen Teile des Dokumentes in ihrem Inhalt und ihrer G\u00fcltigkeit davon unber\u00fchrt.<\/p>\n<p><span style=\"color: #003333;\"><strong>Bildrechte<br \/>\n<\/strong><\/span>Einige der in diesem Internetauftritt verwendeten Bilder wurden dem Autor\/Betreiber freundlicherweise zur Verf\u00fcgung gestellt. Alle Bildrechte verbleiben bei den Eigent\u00fcmern. Wir bedanken uns f\u00fcr die kostenlose \u00dcberlassung der Nutzungsrechte.<\/p>\n","protected":false},"excerpt":{"rendered":"<p>Herausgeber: Freundes- und F\u00f6rderkreis Heimatmuseum Tersteegenhaus M\u00fclheim an der Ruhr e.V., vertreten durch den Vorsitzenden, Herrn B\u00fcrgermeister Markus P\u00fcll Anschrift: Bismarckstra\u00dfe 5 45470 M\u00fclheim an der Ruhr Kontakt: E-Mail: Internet: www.heimatmuseum-tersteegenhaus.de Angaben gem\u00e4\u00df \u00a7 5 TMG: Freundes- und F\u00f6rderkreis Heimatmuseum &hellip; <a href=\"https:\/\/heimatmuseum-tersteegenhaus.de\/?page_id=64\">Weiterlesen <span class=\"meta-nav\">&rarr;<\/span><\/a><\/p>\n","protected":false},"author":1,"featured_media":0,"parent":0,"menu_order":4,"comment_status":"closed","ping_status":"closed","template":"","meta":{"footnotes":""},"class_list":["post-64","page","type-page","status-publish","hentry"],"_links":{"self":[{"href":"https:\/\/heimatmuseum-tersteegenhaus.de\/index.php?rest_route=\/wp\/v2\/pages\/64"}],"collection":[{"href":"https:\/\/heimatmuseum-tersteegenhaus.de\/index.php?rest_route=\/wp\/v2\/pages"}],"about":[{"href":"https:\/\/heimatmuseum-tersteegenhaus.de\/index.php?rest_route=\/wp\/v2\/types\/page"}],"author":[{"embeddable":true,"href":"https:\/\/heimatmuseum-tersteegenhaus.de\/index.php?rest_route=\/wp\/v2\/users\/1"}],"replies":[{"embeddable":true,"href":"https:\/\/heimatmuseum-tersteegenhaus.de\/index.php?rest_route=%2Fwp%2Fv2%2Fcomments&post=64"}],"version-history":[{"count":11,"href":"https:\/\/heimatmuseum-tersteegenhaus.de\/index.php?rest_route=\/wp\/v2\/pages\/64\/revisions"}],"predecessor-version":[{"id":790,"href":"https:\/\/heimatmuseum-tersteegenhaus.de\/index.php?rest_route=\/wp\/v2\/pages\/64\/revisions\/790"}],"wp:attachment":[{"href":"https:\/\/heimatmuseum-tersteegenhaus.de\/index.php?rest_route=%2Fwp%2Fv2%2Fmedia&parent=64"}],"curies":[{"name":"wp","href":"https:\/\/api.w.org\/{rel}","templated":true}]}}